. Give i(3).
10
Let q(u) = -u**3 - u**2 - 12. Suppose 2*x + n = -2, 4*x + 3*n + 3 = -3. What is q(x)?
-12
Let t = 109 - 114. Let g(u) = u**3 + 6*u**2 + 2*u + 3. What is g(t)?
18
Let x(u) = -u**2 - 50*u - 49. Let i be x(-49). Let g(d) be the third derivative of -1/24*d**4 - 10*d**2 + 3/2*d**3 + 0 + i*d. What is g(0)?
9
Let p(y) be the second derivative of y**3/3 + 2*y**2 + 17*y - 7. Calculate p(8).
20
Let f(j) be the second derivative of j**4/12 + 4*j**3/3 - j**2 + 3*j. Let u be f(-8). Let l(b) = -39*b**2 + 4 - 2*b**3 + 38*b**2 - 3 + b. Calculate l(u).
11
Let h(g) be the second derivative of g**3/6 - 3*g**2/2 - 118*g. What is h(7)?
4
Let l be (4 - (-24)/(-4)) + 4. Let y(j) = -4*j + 3. Determine y(l).
-5
Let l(w) = -3*w - w**3 + 4*w - 4 - w**2 - 2*w**2. Let k(b) be the third derivative of -b**5/60 + 7*b**4/8 - 4*b**3 - 5*b**2. Let c be k(20). Determine l(c).
8
Let w(m) be the second derivative of -1/20*m**5 - 7/2*m**2 - 1/2*m**4 - 1/6*m**3 + 0 - 24*m. What is w(-6)?
-1
Let q(i) = -4*i - 22. Let k(d) = d**2 + 39*d + 101. Let o be k(-36). Calculate q(o).
6
Suppose -4*o = -4 + 48. Suppose -b = -y + 11, -y - 5*b = -0*y + 1. Let v = o + y. Let q(n) = 3*n + 2. What is q(v)?
-4
Suppose -4 = -l - l. Suppose -9*q + 8*q = -l. Let w(y) = -y**2 + 1 - 3*y - 2*y**2 + 5*y**2. Give w(q).
3
Let o(y) be the first derivative of 5*y**3/3 + y**2 + y + 1. Let k(h) = -h**2 - 28*h + 92. Let p be k(-31). What is o(p)?
4
Suppose -2*z + 6 = 0, 0 = c - 0*c - 3*z + 4. Suppose 0*l + 2 = -l - 2*f, -l = c*f + 8. Suppose 6 = l*a - 4*a. Let j(k) = -k**2 - 4*k. Give j(a).
3
Let d(i) = -7 - i + 8 + 0 - 5. Calculate d(-6).
2
Let p(d) be the first derivative of -3*d**3 - d - 137. What is p(2)?
-37
Let c(q) = -20*q**3 + 8*q**2 + 32*q + 14. Suppose -3 - 3 = -2*p. Let o(z) = p - 2*z**2 - 11*z - 8 + 7*z**3 - z**2. Let f(l) = -6*c(l) - 17*o(l). What is f(-4)?
5
Let o(l) = -l - 3. Let u(r) = r**2 + 9*r - 12. Let c be u(-9). Let j be (-2)/(-3) - 124/c. Suppose -4*g + p + 4*p - 10 = 0, -3*p = g + j. Calculate o(g).
2
Let n(a) be the second derivative of 0 - a**3 + 0*a**2 - 8*a - 1/12*a**4. Calculate n(-6).
0
Suppose 3*u - u - 16 = 0. Let p = u - -1. Let v(l) = -10*l**3 + 5 + 6*l**2 - 4 + p*l**3. Determine v(6).
1
Suppose -a + 14*b - 7 = 19*b, 3*a = -3*b + 15. Let o(i) be the first derivative of 1/2*i**2 + 3*i - 1/4*i**4 + 7/3*i**3 - a. Determine o(7).
10
Let s(w) = w - 10. Let i = -14 + 67. Let u = i - 43. Calculate s(u).
0
Suppose -14*d - 44 = -36*d. Let s(u) be the second derivative of -2*u + 0 - 1/6*u**3 - d*u**2. What is s(0)?
-4
Let o(i) be the second derivative of 0 + 1/3*i**3 - 3*i**2 - 22*i. Calculate o(7).
8
Let s(o) = -4*o - 14. Let u(f) = 3*f + 10. Let j(z) = -4*s(z) - 5*u(z). Determine j(-7).
-1
Suppose 55 = h + 4*h. Let g(o) be the third derivative of o**6/120 - 11*o**5/60 - o**4/12 + 8*o**3/3 - o**2. Calculate g(h).
-6
Let u(d) = d**3 + 6*d**2 + 2*d - 10. Let w be u(-5). Suppose -b + w = -k - 2, -19 = -b + 5*k. Let s(l) = -l**3 + 4*l**2 + 2*l - 2. What is s(b)?
6
Let z(d) = 6*d + 2*d - 5*d - 15. Let q(n) = n - 5. Let m(y) = 7*q(y) - 2*z(y). Determine m(7).
2
Let l(x) be the first derivative of -x + 7. Let h(t) = -t + 1. Let n(m) = -h(m) - 6*l(m). Give n(-4).
1
Let l(x) = x**3 + 14*x**2 + 14*x + 6. Let y be l(-13). Let f(h) = h + 7. Let n(p) = -p - 9. Let j(b) = 3*f(b) + 2*n(b). Calculate j(y).
-4
Let h(q) = -69 + 3*q + 25 + 30. Give h(10).
16
Suppose 18 = 4*m - 2*w, 4*w + 9 = 3*m - 7. Let s(k) be the first derivative of -1/2*k**2 - 5*k - 4/3*k**3 + 1 + 1/4*k**4. Give s(m).
-9
Let h(v) = v - 15. Let b be ((-132)/18)/(2/3). Let q = -3 - b. Let w be h(q). Let o(l) = -l**3 - 6*l**2 + 6*l - 8. Determine o(w).
-1
Let f(a) be the third derivative of 2/3*a**3 - 1/60*a**5 + 1/8*a**4 + 0 - 22*a**2 + 0*a. Give f(3).
4
Let f = 4 - -3. Let r(v) = 5*v**2 - 2*v - 9. Let d(u) = 6*u**2 - 2*u - 10. Let h(i) = f*r(i) - 6*d(i). What is h(-3)?
-6
Let k(i) be the first derivative of -1/30*i**5 + 1/2*i**3 + 5 + 1/12*i**4 - 1/2*i**2 + 0*i. Let g(f) be the second derivative of k(f). What is g(-2)?
-9
Let z(x) = -3*x + 136 + 4*x - 134. Calculate z(8).
10
Let v(z) = z**2 - 4. Suppose -20 = -5*u - 4*r, 20 = 5*u + r + r. Suppose -41 = -u*a - 9. Let f = a - 5. What is v(f)?
5
Let m(t) = -3*t**3 - 9*t**2 + 8*t - 5. Let k = 25 - 26. Let b(j) = -j**3 - j**2 + j. Let g(p) = k*m(p) + 4*b(p). Calculate g(4).
5
Let b(x) = 3*x**3 - 4*x**2 - 4*x**3 + 9*x + 11 + 13*x**2. Let u(r) = -55*r**2 + 388*r - 11. Let t be u(7). Give b(t).
1
Let k(g) = 27*g**2 + 2*g + 1. Let o(t) = 2*t**2 + 8*t + 7. Let p be o(-4). Suppose 4*c - 3*n + p = -4*n, 4*c + 1 = n. What is k(c)?
26
Let t be (-2)/2 - -11 - 0. Let j be t - 9 - 10/2. Let o = 0 - j. Let p(r) = -3*r - 3. What is p(o)?
-15
Let j(v) = -v**2 + 4*v - 6. Let k(l) = 3*l**2 - 8*l + 12. Let m be 3/(-9) + 10/(-6). Let r(q) = m*k(q) - 5*j(q). Suppose -4*a + 5 = 29. Calculate r(a).
-6
Let u(a) be the third derivative of -a**5/60 - a**4/4 + a**3/6 - 344*a**2. Determine u(-2).
9
Let d = 3 - 10. Let m(q) = 3*q**3 - 10*q**2 - 15*q - 3. Let p(w) = -4*w**3 + 15*w**2 + 22*w + 5. Let g(h) = d*m(h) - 5*p(h). What is g(-3)?
-7
Let o(a) = 2*a - 5. Let r = -540 + 546. Determine o(r).
7
Let z(f) = 2*f**2 - 6*f - 2*f**3 + 5*f**2 + f**3 + 1 - 2*f**2. Suppose -3*v + 16 = v. What is z(v)?
-7
Let s(r) = 2*r - 5*r + 4 - 4*r + 5*r. Let z be s(3). Let p(n) be the second derivative of -n**4/12 + n**3/3 + 3*n**2/2 - n. What is p(z)?
-5
Let c(r) = -r - 8. Let o be c(-10). Suppose 0 = -f - o*u - 10, -2*u - 7 = 2*f + 3. Let q(s) = s**3 + 18 - 11 + s**2 + s + f. What is q(0)?
7
Let r(f) be the second derivative of f**5/20 + 11*f**4/12 + f**3 - 3*f**2/2 + 18*f + 2. Give r(-10).
37
Let p(n) = 2*n - 2. Let m be p(0). Let d be (-3 - 1)/m + 3. Let a(w) = -w - d + 0 - 4. Calculate a(0).
-9
Suppose 42*b + 2 = 43*b. Suppose 5*v + 0 - 12 = -4*s, b*s = -2*v + 8. Let p(f) be the second derivative of -f**4/12 + 4*f**3/3 - 3*f**2/2 - 2*f. What is p(s)?
-3
Let f be ((27/9)/3)/((-3)/18). Let s(a) = a**3 + 7*a**2 + 5*a + 6. What is s(f)?
12
Let l(i) = 8*i + 6. Let q(t) = -3*t - 2. Let b(j) = 5*l(j) + 16*q(j). Let z be b(-1). Let s be 4*(1 + (-9)/z). Let n(v) = v**3 - 4*v - 3. Calculate n(s).
-3
Let m(w) = w**2 + 9*w + 8. Let d be m(-8). Let b(n) = -3 + 0*n + d + 2*n + 8. Let s(i) = 2*i + 4. Let k be s(-4). Calculate b(k).
-3
Let u(j) be the second derivative of j**5/20 - j**4/2 + 4*j**2 - 396*j. Suppose -3*o - 2*r + 20 = 0, 8*r - 4*r = 3*o - 14. Give u(o).
8
Let n be 3/1 - (-1 - -4). Let t = 3 - n. Suppose -b = -t*b + 10. Let a(f) = f**2 - 7*f - 1. Determine a(b).
-11
Let c(s) = -s**2 + 8*s - 4. Let y(u) = u**3 - 8*u**2 + 6*u + 12. Let q be y(7). Suppose 8 = j - o, -5*j = 5*o - q - 5. Determine c(j).
11
Let u(g) = g**3 + 16*g**2 + 14*g - 13. Let o be u(-15). Let v(c) = 1 - 11*c**o + c**3 - 5 + 20*c**2 + 2. Calculate v(-9).
-2
Let l(o) be the third derivative of o**6/120 - o**5/10 + 7*o**4/24 + o**3/3 + 55*o**2. Determine l(5).
12
Let o(a) be the second derivative of -8*a**3/3 - a**2/2 + 25*a + 2. Determine o(-1).
15
Let p(l) = -l + 6. Let j be p(3). Let w(z) = 11*z - 3. Determine w(j).
30
Suppose 5*w + 4*i - 16 = 0, -i + 0*i = 5*w - 4. Let t(z) be the second derivative of -1/3*z**3 - 1/12*z**4 - 1/2*z**2 + 2*z + w + 1/20*z**5. Determine t(2).
-1
Suppose 2*s = -5 - 3. Let c(h) = -4*h + 4*h - 3*h - 122 + 63 + 57. What is c(s)?
10
Suppose 5*g - 10 = 5*y, -4*g - y = -12 - 1. Let d(w) be the second derivative of 1/6*w**g - 2*w + 0 + w**2. Calculate d(-7).
-5
Let s(l) = l**2 + 20*l + 81. Let w be s(-5). Let i(a) = a**2 - 4*a - 3 - 2 + 0*a. What is i(w)?
7
Let k(m) = -m + 1. Let f(p) = 5*p - 8. Let z(a) = f(a) + 4*k(a). Let n = 3 - -3. Determine z(n).
2
Let q(t) = 5 + t**3 - 6*t**2 - 3*t**3 - 3 + 3*t**2. Calculate q(-2).
6
Let p(j) = 2 + 5 - 607*j + 294*j + j**3 + 287*j - 25*j**2. Give p(26).
7
Suppose 47*y - 72 = 35*y. Let j(m) = m**3 - 7*m**2 + 5*m + 7. Determine j(y).
1
Let w(o) = -o + 25. Suppose 340 - 340 = -16*j. Calculate w(j).
25
Suppose 3*b - 3*v = 12, b - 6*v + 4*v = 9. Let w(k) = -18*k**3 - 2*k - 1. Calculate w(b).
19
Let c = 567 - 567. Let a(t) = -t - 13. Calculate a(c).
-13
Let z(g) = 1. Let r(c) = 4. Let a(f) = -r(f) - 2*z(f). Let s(v) = -v + 7. Let t(p) = -6*a(p) - 4*s(p). What is t(-6)?
-16
Suppose 0 = -3*n + 6